34*p - 190 = -6310. Calculate the greatest common factor of 20 and p.
20
Let l = -84 - -104. Calculate the greatest common divisor of 340 and l.
20
Suppose 274 = 5*f + 2*h, -5*h = -2*f - 24 + 122. What is the greatest common divisor of f and 594?
54
Suppose 0 = -48*d + 42*d + 318. Calculate the highest common divisor of d and 106.
53
Suppose -2*f - 5*o + 58 = 0, -3*f + 5*o = o - 41. Let u = 10 + -11. Let l = u + f. Calculate the greatest common divisor of 90 and l.
18
Let f be ((-34272)/(-70))/17*(-20)/(-6). Suppose 0*q - 3*d = 5*q - 63, q + 4*d = 16. Calculate the greatest common factor of q and f.
12
Suppose 3*n - 3150 = -2*p, 7*p - 3*n - 1593 = 6*p. What is the highest common factor of p and 102?
51
Suppose 539 + 553 = 28*p. What is the greatest common factor of 351 and p?
39
Let l = -3 - -5. Suppose -7*j = -l*j - 200. Let v = 72 - 64. What is the greatest common factor of v and j?
8
Let r = -50 + -1. Let c = -38 - r. What is the greatest common factor of 143 and c?
13
Suppose 4*x + 181 = 3*q, -5*x + 136 = -22*q + 24*q. Calculate the greatest common divisor of q and 207.
9
Let p be (-326)/(-14) - 0 - (-800)/(-2800). Let c(h) = -81*h - 1. Let m be c(-2). What is the highest common divisor of p and m?
23
Suppose -8*i + 9*i = 15. Let q = i - 13. What is the greatest common divisor of 5 and q?
1
Let q = 36 + -6. Suppose 15 - 75 = -3*g. Calculate the highest common factor of q and g.
10
Suppose -2*a + 3*q + 243 = 0, 3 + 6 = -3*q. Let l = a + 24. Suppose -4*w - 3*i - 51 = -198, -4*w = 5*i - l. Calculate the greatest common factor of 13 and w.
13
Let h(v) = 16*v - 2. Let j be h(5). What is the highest common divisor of j and 30?
6
Let h = 17 - 9. Suppose 5*z - 67 = -3*r + 28, 4*z = -3*r + 91. Suppose -r - 335 = -5*f. Calculate the highest common divisor of f and h.
8
Suppose 3*m - 2*o = -o + 26, 0 = o + 5. Let d(w) = -4*w - 191. Let t be d(-60). What is the highest common factor of m and t?
7
Suppose 0 = 4*z - z - 78. Suppose -2*r - 2592 = -2618. Calculate the greatest common divisor of z and r.
13
Let l(a) = a**3 - 13*a**2 + 14. Let n be l(13). Suppose v - 4 = -5*r - n, 0 = 5*v. Let g be r/(-8) - 111/(-4). Calculate the highest common factor of g and 140.
28
Let u = 394 + -360. Let l(k) = 18*k - 7. Let v be l(7). What is the highest common factor of v and u?
17
Suppose 56 = -0*v + 2*v. Suppose 2*u + 10*u - 2352 = 0. What is the highest common divisor of v and u?
28
Let g be ((-16)/(-5))/(4/20*2). Suppose -g = -11*m + 113. Calculate the highest common factor of 33 and m.
11
Let c(f) = -25*f + 87. Let y be c(3). What is the greatest common factor of 8 and y?
4
Suppose 3*o + 7 + 49 = p, -2*p - 4*o = -132. Suppose -2*j - 2*j = -3*x - p, 4*j - 50 = -3*x. Let z = -80 - -150. Calculate the highest common factor of z and j.
14
Suppose 3*j - s = 73, -5*j - 18*s + 14*s = -116. What is the highest common factor of 96 and j?
24
Suppose -3*q + 4*k + 40 = 0, 3*k = 4*q + 17 - 75. Let d(w) = -w**2 - 4*w + 1. Let u be d(-3). What is the greatest common divisor of q and u?
4
Suppose -4*g = -6*g + 6. Suppose -5*i + 0*i - 5*m + 145 = 0, i = -g*m + 27. What is the greatest common factor of i and 12?
6
Let b be 560/9 - (6 + 260/(-45)). What is the highest common divisor of 496 and b?
62
Let l be 365924/442 + 2/17. Suppose -9*c - l = -11*c. What is the highest common factor of c and 46?
46
Suppose 0 = -142*w + 157*w - 1020. Calculate the highest common divisor of 102 and w.
34
Suppose 0 = -4*o + 8*o - 168. Suppose 8*m - o = 14. Calculate the highest common divisor of m and 56.
7
Let j(n) = -2*n - 1. Let s be j(-4). Suppose s*t - 74 = 206. Let u(m) = 4*m**2 - 4*m + 2. Let f be u(2). What is the greatest common divisor of t and f?
10
Let x be (-3280)/112 + (-4)/(-14). Let n = -15 + 9. Let p = n - x. Calculate the highest common factor of p and 207.
23
Let u(m) = m - 5. Let k be u(8). Suppose 11*t + k*t = 1050. What is the highest common divisor of t and 15?
15
Suppose 5*s + 0*s - 162 = 3*n, -n = -4*s + 131. Calculate the highest common factor of 11 and s.
11
Suppose 2*b - 128 = 2*x, 2*x + 0*x - 172 = -3*b. What is the highest common factor of b and 144?
12
Let r = 203 + -107. Let g be 16/10*-50*(-66)/220. Calculate the greatest common divisor of g and r.
24
Let j be 1 + (0 - -26 - (-13 - -7)). Calculate the greatest common factor of j and 143.
11
Suppose 2192 + 88 = 24*y. What is the highest common divisor of 133 and y?
19
Suppose -3*d + 106 = 31. Let v = -8 + d. Suppose -2*k + 6 = -4, 3*y = -k + v. What is the greatest common divisor of y and 2?
2
Suppose -2*n + 7*n = 20. Suppose 0*r + 20 = n*r. Let i = r + 5. Calculate the greatest common factor of 25 and i.
5
Suppose -420 = -20*o + 14*o. Calculate the highest common factor of o and 14.
14
Let k = -426 + 510. What is the greatest common divisor of 288 and k?
12
Suppose -3*h = 13 - 22. What is the highest common divisor of 2 and h?
1
Suppose 7*u = 14*u - 5621. What is the greatest common divisor of u and 219?
73
Let q(t) = 12*t**2 + 37*t + 123. Let g be q(-3). What is the greatest common divisor of g and 312?
24
Let i be 0/(-6)*2/(-2). Suppose -p - 43 = -2*h, 0 = -4*h - i*p + 3*p + 89. Let n be 478/8 + 5/h. What is the greatest common factor of n and 40?
20
Let z be ((-8)/(-3))/(30/135). Suppose w - z = 11. Let v = 40 - w. What is the greatest common divisor of v and 17?
17
Suppose -34*m + 31*m + 252 = 0. Calculate the highest common factor of 21 and m.
21
Suppose -g + 2*f + 516 = -12, -4*g - f + 2139 = 0. What is the highest common divisor of g and 6?
6
Let d be ((-5)/(-10) - 4)/(4/(-168)). What is the greatest common factor of d and 105?
21
Let i be 24/(-15)*-2*25. Calculate the greatest common factor of i and 20.
20
Let g = 25 - -2. Let t = g + -15. What is the greatest common divisor of t and 9?
3
Suppose -7*h + 724 - 87 = 0. Let r be 7/((-28)/(-156))*(-2)/(-6). Calculate the highest common divisor of r and h.
13
Let g(l) = -l**3 + 11*l**2 + 15*l + 2. Let o be g(12). Let j = o - 18. Let p be (-88)/(-9) - 26/(-117). Calculate the highest common divisor of p and j.
10
Let i = -832 - -1568. What is the greatest common factor of i and 46?
46
Let n = 154 + -147. Suppose a + 20 = 3*m, -6 = 6*m - n*m + a. Suppose -2*j + 9 - 79 = -5*p, 4*p + 2*j = 56. What is the highest common divisor of m and p?
7
Let o = 7 + -53. Let s = o + 56. What is the greatest common divisor of 5 and s?
5
Suppose 3*q = 2*g + 19, 2*q = 4*g - 0*g + 26. Suppose j - 40 = -5*w, -29 = -10*w + 9*w + 4*j. Calculate the highest common factor of q and w.
3
Suppose -16 = -3*n - 5*n. Suppose 0 = -n*s + 16 + 38. What is the greatest common factor of s and 189?
27
Suppose 5*i - 200 = s, 2*i + 3*s + 200 = 7*i. Let j = 72 - i. Calculate the greatest common divisor of j and 80.
16
Let q(p) = p**2 + p. Let l(y) = 7*y**2 - 12*y + 18. Let b(v) = -l(v) + 6*q(v). Let g be b(14). What is the greatest common factor of g and 38?
38
Suppose 5*x = 501 + 539. Suppose w + 0*r = 4*r + 35, 3*w = -r + 105. Let t = -9 + w. Calculate the highest common divisor of x and t.
26
Let l(g) = g**3 + 7*g**2 - 13*g - 16. Let d be l(-8). Suppose -115 = -5*c + 65. Calculate the highest common divisor of c and d.
12
Let i = -92 + 636. Calculate the highest common divisor of i and 17.
17
Let b(v) = 4*v**2 + 6*v - 7. Let s be b(1). Let j be ((-15)/9 - -2)*9. What is the highest common factor of s and j?
3
Let f(w) = -9*w - 45. Let u be f(-8). Let z = 4 + u. Calculate the greatest common divisor of z and 279.
31
Let q be (-2 - (1 + 51)) + -1. Let s = 136 + q. Suppose 0 = 5*y + 4*t - 140, y - s = -2*y - 3*t. What is the highest common factor of y and 4?
4
Suppose -21*x = -15*x + 12. Let r(y) = -37*y - 8. Let m be r(x). What is the highest common divisor of 165 and m?
33
Let d(p) = p + 3. Let c be d(7). Let v = 26 - -144. Calculate the greatest common factor of c and v.
10
Let o = -10 + 13. Suppose -4*y + 210 = y. Suppose 0*q = -7*q + y. What is the highest common factor of o and q?
3
Suppose 103*r = 104*r - 4. Suppose r*p = c - 31 - 75, -4*c + 4*p + 364 = 0. What is the greatest common factor of c and 215?
43
Let j = -12 - -25. Suppose -5*s - 212 - j = 0. Let t be 72/s*(-30)/4. What is the greatest common factor of 96 and t?
12
Let h = 530 - 521. Let d = -19 - -163. Calculate the greatest com